 digit of z?
7
Let q be (-6665)/(-5) - 35/(-7). Suppose -83*w + 81*w = -q. What is the hundreds digit of w?
6
Suppose 0 = z + 33 - 37, z + 20489 = 3*t. What is the hundreds digit of t?
8
Suppose -5*n - 28 = 2*r, 0 - 20 = 4*n + 4*r. Let o(f) = -57*f - 11. What is the units digit of o(n)?
1
Suppose -2*w + 2482 = -2*h + 4*h, w = h + 1233. Let m = w - 706. What is the units digit of m?
1
What is the tens digit of -24*(-11)/(-33) + 7917?
0
Let b(r) = r**2 - 12*r. Let w be b(12). Suppose 2*i - 7 - 83 = w. Suppose -115 = -4*p + i. What is the tens digit of p?
4
Let t be (-6)/(-3)*(-3 + 1)*-1. Suppose -s - t*s - v + 1033 = 0, 0 = 2*v + 4. What is the units digit of s?
7
Let q = -184 - -182. What is the hundreds digit of (-60 + q)*((-15)/2 - 1)?
5
What is the hundreds digit of 1173 + 16 + (-9)/((-9)/(-8))?
1
Let i = -40 + 47. Let r(d) = 2*d**3 - 8*d**2 + 9*d - 3. Let k be r(i). Suppose -2*a = -8*a + k. What is the tens digit of a?
5
Let z = -30 + 35. Suppose 4*p + 2*o - 4 = 0, p - o + 6 = z*p. Suppose -43 = -p*v + 55. What is the tens digit of v?
4
Let a(w) = -w**3 - 10*w**2 - 10*w - 5. Let r be a(-9). Suppose r = 5*s - 21. Suppose 5*t = c + s + 23, 2*t = -2*c + 4. What is the units digit of t?
5
Let j = -332 + 304. Let l(q) = 2*q**2 + 49*q - 32. What is the tens digit of l(j)?
6
Suppose -l = 6*f - 3*f - 27, 4*l = -2*f + 98. Let k = 28 - l. Suppose -n - k*n = -285. What is the units digit of n?
7
Suppose 281*a - 284*a = -297. What is the tens digit of a?
9
Suppose 0 = 2*o + 4*y - 14, -4*y - 8 = 3*o - 25. Suppose -s + 749 = o*q, 0*q + q - 243 = -2*s. What is the units digit of q?
1
Let c = -23904 + 50349. What is the ten thousands digit of c?
2
Let b = 1196 - -215. Let w = 388 + b. What is the units digit of w?
9
Let j = -414 - -350. What is the hundreds digit of (-39728)/j + (-15)/(-12)?
6
What is the units digit of 5055/(33/(-9) - (-2 + (-4)/2))?
5
Let d = 773 - 768. Suppose -6117 = -5*s + s - 3*t, 5*t - 7650 = -d*s. What is the tens digit of s?
2
Let n be ((-6)/27)/((-28)/132426). Suppose 3*z - n = f + 1243, 4*z - 3037 = -3*f. What is the units digit of z?
3
Let j be 5/(-15)*-3 - (-2 + -2). Suppose -4*y - 4*q = -47 - 1269, j*q = -y + 337. What is the hundreds digit of y?
3
Suppose 710*c + 97762 = 724*c. What is the thousands digit of c?
6
Let p(g) = -464*g - 1685. What is the units digit of p(-21)?
9
Let l(r) = 5235*r + 4052. What is the ten thousands digit of l(12)?
6
What is the tens digit of (-554352)/168*14/(-4)?
4
Let n = 18761 - 5623. What is the tens digit of n?
3
What is the hundreds digit of -2*(-5)/(-2) + 3826?
8
Let u(h) = -h**3 - 8*h**2 - 9*h + 4. Let r be u(-9). Suppose r = 8*p - 522. What is the tens digit of p?
8
Suppose -2*b - 2*i = 248 - 32, 0 = -3*b - 2*i - 324. What is the hundreds digit of (b/42)/((-5)/875)?
4
Let r(q) = 107*q - 42. Let g be 1 - (-3 - -6) - -7. What is the tens digit of r(g)?
9
Let i(x) = x**3 + 26*x**2 + 9*x - 24. Let c = 136 - 161. What is the hundreds digit of i(c)?
3
Let a be ((-14)/(-5))/(42/105). Suppose 0 = a*w - 8*w + 201. What is the tens digit of (8/(-8))/((-3)/w)?
6
Let k be 1*-1*(-16476)/(-18)*-6. Suppose -3*n - 1421 + k = 0. What is the units digit of n?
7
Let w = 183219 - 97369. What is the units digit of w?
0
Suppose 2*u - 12556 = 3*h, -h = -2*u + 12965 - 405. What is the hundreds digit of u?
2
Suppose -4*w - 44662 = -3*j, -4*j - 5*w + 59554 = -8*w. What is the hundreds digit of j?
8
Let u(w) = -8*w**3 - 30*w**2 + 7*w - 49. What is the tens digit of u(-10)?
8
Suppose -1860424 + 153524 = -73*p + 21*p. What is the hundreds digit of p?
8
Let l = 35 - 35. Suppose l*p + 7*p = 665. Let b = -13 + p. What is the units digit of b?
2
Suppose -24*l + 92366 + 45110 = -75932. What is the units digit of l?
2
Suppose 3*n + 5*n = -n. Suppose 2*h - 6 + n = 0. Suppose h*i - 400 = 56. What is the hundreds digit of i?
1
Let u(x) = 2*x**3 - 3*x**2 - 147. Let m be u(27). What is the hundreds digit of m/60 + (-1)/((-10)/(-2))?
6
Suppose 95213 = 2*o + 4*c + 24987, 3*c + 175591 = 5*o. What is the units digit of o?
7
Suppose 24*z - 26*z + 16184 = -i, -2*i + 40451 = 5*z. What is the units digit of z?
1
Let w = 7201 + -6126. What is the tens digit of w?
7
Suppose 10472 = -24*f + 10*f. Let t = -435 - f. What is the hundreds digit of t?
3
Let z(v) = 5*v**2 + 6*v + 6. Let k(o) = -4*o**2 - 6*o - 6. Let f(i) = -4*k(i) - 3*z(i). Let g be f(-4). What is the tens digit of (135/4)/1 + g/(-8)?
3
What is the thousands digit of 5 + (-9 + 10)/((-8)/(-23608))?
2
Let i(k) = -85*k - 43. Let p(s) = -83*s - 44. Let y(t) = 6*i(t) - 5*p(t). What is the tens digit of y(-4)?
4
Let k = -121452 + 175878. What is the ten thousands digit of k?
5
Suppose -m = -15*m + 16548. Let z = -107 - -114. Suppose -o + z*o = m. What is the units digit of o?
7
Let m(k) be the first derivative of -k**2/2 + 705*k - 16. Let i be m(0). What is the tens digit of i/20 - 6/24?
3
What is the hundreds digit of 0 + 5849 - (18 + -21 - 5)?
8
Suppose -73*g - 45707 + 965361 = 0. What is the thousands digit of g?
2
What is the thousands digit of (25/(1250/(-585560)))/(8/(-60))?
7
Let m = -19979 - -41525. What is the thousands digit of m?
1
Let b(k) = -8*k**3 - k**2 + 119*k + 48. What is the hundreds digit of b(-16)?
6
Let u(p) = -4*p**2 - 6*p + 8. Let f be u(-2). Suppose -2*i + 166 = f*c - 792, -4*i + 1193 = 5*c. What is the tens digit of c?
4
Let g(j) = -j**3 - 138*j**2 + 333*j + 923. What is the thousands digit of g(-141)?
3
Let f be 0/(-1 - 5) - 8. What is the tens digit of (3 + -75)/f + 143?
5
Suppose 0 = n + 2*k - 11, -2*k + 43 = 4*n + 11. Suppose -4*y - 3*h + 122 = 0, -y - 2*h + n = -21. What is the tens digit of y?
3
Let p(o) = -136*o - 182. Let a(j) = -68*j - 91. Let d(m) = 5*a(m) - 2*p(m). What is the tens digit of d(-7)?
8
Let s = -33526 + 48880. What is the units digit of s?
4
Let d = 25623 - -10499. What is the ten thousands digit of d?
3
Let r(p) = 54*p - 418. Suppose 242 = -43*n + 65*n. What is the tens digit of r(n)?
7
Suppose 41943 = 5*f - 3*d, -11*f + 7*f = -2*d - 33552. What is the tens digit of f?
8
Let b(q) = -21*q**3 - 21*q**2 - 105*q - 12. What is the hundreds digit of b(-5)?
6
Let f be (((-216)/(-3))/(-3))/((-40)/60). Suppose -f*o + 21917 = 2657. What is the tens digit of o?
3
Let v(h) = h**2 - 4*h - 8. Let a be v(-4). Let p be (-4*(-9)/a)/(6/28). Suppose 9*u - 3*n = p*u + 192, -5*n + 20 = 0. What is the hundreds digit of u?
1
Let c be (4/(-2) - -3*3) + 0. Suppose -w - 5340 = -c*w. Suppose -6*i - 146 = -w. What is the units digit of i?
4
Let u = 30 - 40. Let z be (-190)/u*(-1*15 + 1). What is the hundreds digit of -2 - 0 - z/2?
1
Suppose 4*g - 21449 = 7*g - 101315. What is the thousands digit of g?
6
Let j(z) = 2937*z - 518. What is the thousands digit of j(3)?
8
Let s = -35 + 51. Suppose s = 3*a + 76. What is the tens digit of (30/24)/((-1)/a)?
2
Let l(o) = 0*o - 105 + 103 + 3*o. Let u be l(-1). What is the hundreds digit of (-653)/u - (-3)/((-30)/(-4))?
1
Suppose -5*z + m = -232, -5*z + 371 = -5*m + 131. Let f = -28 - -154. Let y = f - z. What is the tens digit of y?
8
Let h = -48 - -63. Suppose -3766 = -h*f + f. Let u = 470 - f. What is the units digit of u?
1
Let p be -6*2/(-4) - (-1 + 0). Suppose 0 = p*a - 344. Let f = a + 23. What is the hundreds digit of f?
1
Suppose -2*y + 3*f + 7634 = 0, -93 = -2*y - 4*f + 7555. What is the thousands digit of y?
3
Suppose 142*s - 2503384 = 4431186. What is the thousands digit of s?
8
Let c = 295 - 295. Suppose c = z + 5*p - 923, z - 402 = -3*p + 515. What is the tens digit of z?
0
Let y = 8925 - 4939. What is the tens digit of y?
8
Let s(c) = -143*c. Let o be s(1). Let h = -139 - o. Suppose -5*p + 5*m - 5 = 0, p + 2*p - h*m + 6 = 0. What is the units digit of p?
2
Let p(j) be the third derivative of 11*j**4/24 - 4*j**3 + j**2. Let f be ((-14)/5)/((-14)/70). What is the tens digit of p(f)?
3
Let y be 5 - (-3 + 2 - 12). Suppose -t = -y + 13. Suppose -3*j = t*s - 773, 213 + 50 = j - s. What is the units digit of j?
1
Let o be 149/(-596)*((-1 - -2) + -37). Let a(j) = 3*j**3 - 8*j**2 - 19*j + 24. What is the thousands digit of a(o)?
1
Let f = 69 - 57. What is the units digit of ((-8)/(-4))/((f/808)/3)?
4
Suppose 36 = 2*r - 11*r. What is the units digit of (1561/35 - r)/(3/15)?
3
Let l = 72 - 70. Let h(r) = 3*r**2 - 